-f**3 - 2*f**2 - 6*f + 3. What is the remainder when i(-4) is divided by 10?
9
Let t = 4 + 3. Suppose 4*m - 5*q = 12, 2*m + 3*q = -3*m + 15. Suppose -2*h - m*g = -t*h + 55, -h + 11 = g. Calculate the remainder when 21 is divided by h.
10
Let f = 55 + -26. What is the remainder when 53 is divided by f?
24
Let j(m) be the third derivative of 3*m**5/20 - m**4/12 - m**3/2 + 2*m**2. Calculate the remainder when j(-2) is divided by 13.
11
Let c = -24 - -53. Calculate the remainder when c is divided by 11.
7
Suppose -2*w = 2*w - 3*j - 58, 2*j = 4. Let o(g) = g**2 - g - 10. Let y be o(0). Let a = -1 - y. What is the remainder when w is divided by a?
7
Suppose -9*m = 3*m - 804. Calculate the remainder when m is divided by 34.
33
Suppose 0 = 5*j - i - 34 - 9, -5*i - 23 = -j. What is the remainder when 20 is divided by j?
4
Let y(n) = -n**3 + 8*n**2 - 9*n + 17. Let c be y(7). Suppose -3*h + k + 35 = 0, -5*h = -0*k - c*k - 65. Calculate the remainder when 48 is divided by h.
8
Let c = 12 + 2. Suppose 27 = 5*a - 2*m + m, -4*m - 23 = -3*a. Calculate the remainder when c is divided by a.
4
Let o = -21 + 49. What is the remainder when 167 is divided by o?
27
Suppose -71 = -2*o + 41. Suppose 3*b - 1 = -2*z, -2*b - 3*b - z + 11 = 0. Suppose -b*i = i - o. What is the remainder when 40 is divided by i?
12
What is the remainder when 4092/20 - (-4)/10 is divided by 53?
46
Let c(z) = 3*z**2 - 3*z - 1. Calculate the remainder when 65 is divided by c(-2).
14
Suppose 0 = -12*r + 15*r - 93. Calculate the remainder when 91 is divided by r.
29
Let l = -2 - -2. Suppose -1 = -u - l. Suppose 2*c + 8 = 3*i, 5*i - 5*c = u + 4. What is the remainder when 10 is divided by i?
4
Suppose 3*w - 318 = w. What is the remainder when w is divided by 40?
39
Let w = -12 + 34. Let d be (-369)/((-6)/(-4)*1). Calculate the remainder when w is divided by 4/14 + d/(-21).
10
Suppose 2*t = t + 4*n + 46, 3*t - 99 = -n. What is the remainder when t is divided by 18?
16
Let b(z) = 5*z + 4. Let g(k) = -2*k - 2. Let m(n) = -6*b(n) - 13*g(n). What is the remainder when m(-6) is divided by 9?
8
Let t(i) = 2*i**2 - 5*i + 7. Calculate the remainder when t(5) is divided by 15*1 + 0 + 2.
15
Let i(y) = y**3 + 2*y**2. Let u be 2/(-3)*(8 + -5). Calculate the remainder when -1*(u - 88/2) is divided by i(2).
14
Suppose -180 = -0*p - 4*p. Suppose p = 7*h - 2*h. Let j = -17 - -43. What is the remainder when j is divided by h?
8
Let t(d) = -16*d. Let g(c) = c**3 + c**2 + 2*c + 1. Let n be g(-1). Calculate the remainder when -2 + ((-20)/5 - -53) is divided by t(n).
15
Let j = 287 - 139. Calculate the remainder when j is divided by 15.
13
Suppose 3*f + 70 = 2*s, -17 - 88 = -3*s + f. Calculate the remainder when s is divided by 9.
8
Suppose -182 = 3*l - 5*n, -l = -0*l - 5*n + 74. What is the remainder when (-580)/(-18) + 12/l is divided by 11?
10
Let d(a) = 3*a**2 - a + 1. Let c be d(-3). Suppose x + 3 = 0, -4*f - x + 6 + c = 0. Suppose -f*l = -6*l - 12. What is the remainder when 4 is divided by l?
1
Let v(g) = g**3 + 6*g**2 - 12. Calculate the remainder when 60 is divided by v(-5).
8
Suppose -4 = w + 1, -145 = 5*u + 2*w. What is the remainder when (-2)/8 - u/12 is divided by 2?
0
Let q(w) = w**3 + 8*w**2 + 8*w + 4. Let h be q(-7). Let c = -18 - h. Let r = -7 - c. What is the remainder when 23 is divided by r?
7
Suppose 0 = -3*x + 6*x - 60. What is the remainder when x is divided by 6?
2
Let j be (6/7)/(6/42). Let v(g) = 9*g + 7. Calculate the remainder when v(j) is divided by 16.
13
Suppose -6*y + 12 = -18. Calculate the remainder when 22 is divided by y.
2
Calculate the remainder when 1/(19/9 + -2) is divided by 5.
4
Let b = 70 + -48. What is the remainder when b is divided by 6?
4
Let b be (1*-2)/(6/(-9)). Suppose q + b - 7 = 0. Let n(x) = -x**3 + 4*x**2 + 9*x - 9. Calculate the remainder when n(5) is divided by q.
3
Let q(h) = h - 12. Let t be q(13). Let p = t - -18. Calculate the remainder when 55 is divided by p.
17
Let l = -6 - -10. Let w(v) = -v**2 + 5*v - 2. Calculate the remainder when w(2) is divided by 2/(-8) + 9/l.
0
Let y be 3*(-6)/(-9)*1. Suppose -5*s + 4 = k + y, s + 3*k = -8. Let t = 11 + s. What is the remainder when 35 is divided by t?
11
Let o = 11 + -26. Let s be -3*2*o/18. Suppose 2*c - 3*r = -11, s*c - 2 + 12 = 4*r. What is the remainder when 4 is divided by c?
0
Let y be 2*(-8 - -1 - 1). What is the remainder when 36/y*8/(-3) is divided by ((-4)/3)/((-2)/6)?
2
Calculate the remainder when 805/30 - 2/(-12) is divided by 16.
11
Let i(y) = 4*y + 5. Let a = 3 + 2. Calculate the remainder when 0 - (-49 + (4 - 2)) is divided by i(a).
22
Let o be 3*1 + (3 - 22). Let a = -6 - o. Calculate the remainder when 18 is divided by a.
8
Calculate the remainder when 0 + 1 + 41 + 7 is divided by 13.
10
Suppose -1 - 5 = -t. Let w = -6 + 6. Suppose 2*b - 3 - 43 = w. Calculate the remainder when b is divided by t.
5
Let g(o) = 3*o - o**3 + 2*o + 7*o**2 - 5 + o. Let k be g(6). Let v = k - 24. Calculate the remainder when v is divided by 15.
13
Let j(d) = -d**3 - d - 2. What is the remainder when j(-4) is divided by 34?
32
Suppose -4*o - 2*f + 3 = -3, -3*f - 5 = -o. What is the remainder when 4 is divided by o?
0
Let o(k) = k**2 - k - 1. Let i be o(-2). Suppose -5*f + i*w = -175, w = f - 2*f + 37. Let x = 480 + -467. What is the remainder when f is divided by x?
10
Let x(v) = -v**3 + 14*v**2 - 6*v + 17. Calculate the remainder when x(13) is divided by 16.
12
Suppose -3*v + 15 = -4*y + y, 2*v = -y + 25. Let c = -29 - -32. What is the remainder when v is divided by c?
1
Let z = 14 + 10. Let p(n) = 2*n + 11. Let b be 2/(-12) - (-436)/24. Calculate the remainder when p(b) is divided by z.
23
Let a = 6 - 4. Suppose 0 = -5*p - a*b + b + 31, -3*b + 33 = 5*p. Calculate the remainder when 17 is divided by p.
5
Suppose 0 = 2*o - 7*o - 5. Let q = -31 + 74. What is the remainder when q is divided by 19 + o - (-1 - -4)?
13
Suppose 7*c - 2*c = 3*g + 221, -g - 70 = 2*c. Let w = g + 102. What is the remainder when w is divided by 8/10*(19 - -1)?
14
Let j be (0*3/6)/2. Suppose -2*h = 2*k - j*k - 40, -4*k + 4 = 0. What is the remainder when 56 is divided by h?
18
Let h(g) = -g + 10. Let i(k) = k**2 - 2*k - 3. Let o be i(3). Suppose o*v - 22 = 2*v. Calculate the remainder when h(v) is divided by 11.
10
Let i = -18 + 21. Suppose 0 = -y + 5 + 3. What is the remainder when y is divided by i?
2
Suppose -4*r + 0*r + 279 = -i, 4*i - 144 = -2*r. Suppose -3*g + 12 = y, -2*g - g - 108 = -4*y. What is the remainder when r is divided by y?
22
Let n(y) = -y**2 + 7*y - 2. Suppose 30 - 80 = -5*f. Calculate the remainder when f is divided by n(6).
2
Suppose 4*m = 4*r + 60, 0*m + 65 = 4*m - 5*r. Let w be -2 - (-2 + -3 + 1). What is the remainder when m is divided by (-132)/(-21) + w/(-7)?
4
Calculate the remainder when ((-22)/(-10))/((-10)/(-50)) is divided by 8.
3
Let i(o) = 6*o**3 - 2*o**2 + 3*o - 2. Let k be i(2). Suppose -7*g - 3*h = -3*g - k, 5*h + 44 = 4*g. What is the remainder when 21 is divided by g?
10
Suppose 6 = -4*w + 46. What is the remainder when 20 is divided by w?
0
Suppose 4*z = 3*j + 12, 0 = 5*z - 4*j + j - 15. Suppose 2*i + 47 = z*a, 0*a = 3*a - 3. Calculate the remainder when -3 - -2 - (i - 1) is divided by 12.
10
Let k(z) = -4*z**3 + 6*z**2 + 2*z - 4. Let f(s) = s**3 - s - 1. Let i(c) = -3*f(c) - k(c). What is the remainder when i(6) is divided by 26/6 - 12/(-18)?
3
Suppose 84 = -5*w + 1119. Suppose 4*g + 31 = w. Calculate the remainder when g is divided by 15.
14
Let u = -3 - -27. Let f = -19 - -28. What is the remainder when u is divided by f?
6
Let f(d) = d**2 + d - 1. What is the remainder when 52 is divided by f(3)?
8
What is the remainder when 13 is divided by ((-10)/6 - 1)*420/(-112)?
3
Let a(n) = -72*n - 45. Suppose -5*c - 72 = -197. What is the remainder when a(-2) is divided by c?
24
What is the remainder when 35 is divided by (36/(-3 + 1))/(-1)?
17
Suppose 0 = 4*c - n - n - 10, 0 = 3*c + 2*n - 11. Let q(b) = b + 0 - b**3 + 2 + 4*b**2 - 3. What is the remainder when 32 is divided by q(c)?
10
Let z(t) be the third derivative of t**4/24 - 2*t**3/3 - t**2. Let g = -12 + 18. Calculate the remainder when z(g) is divided by 2.
0
Let b(h) = 33*h - 3. Calculate the remainder when b(2) is divided by 22.
19
Suppose 5*q = -